{"id":138,"date":"2016-02-02T10:10:52","date_gmt":"2016-02-02T09:10:52","guid":{"rendered":"http:\/\/www.chevalley-sa.com\/?page_id=138"},"modified":"2025-12-03T16:38:14","modified_gmt":"2025-12-03T15:38:14","slug":"espaces-verts","status":"publish","type":"page","link":"https:\/\/www.chevalley-sa.com\/index.php\/espaces-verts\/","title":{"rendered":"Espaces verts"},"content":{"rendered":"<div class=\"container text-center\">\n<ul class=\"content-menu\">\n<li><a href=\"#menu1\">Professionnels<\/a><\/li>\n<li><a href=\"#menu2\">Priv\u00e9s<\/a><\/li>\n<li><a href=\"#menu3\">Piscines<\/a><\/li>\n<\/ul>\n<\/div>\n<section>\n<div class=\"container\">\n<h2 id=\"menu1\">Professionnels<small> Paysagistes \u2013 horticulteurs<\/small><\/h2>\n<p>En collaboration avec nos diff\u00e9rents partenaires<\/p>\n<div class=\"row\"><div class=\"col-sm-3\"><img loading=\"lazy\" decoding=\"async\" class=\"p40 aligncenter\" src=\"https:\/\/www.chevalley-sa.com\/wp-content\/uploads\/2016\/02\/Logo-Schweizer-300x84.jpg\" alt=\"Logo Schweizer\" width=\"250\" height=\"70\" \/><\/div><div class=\"col-sm-3\"><img loading=\"lazy\" decoding=\"async\" class=\"p40 aligncenter\" src=\"https:\/\/www.chevalley-sa.com\/wp-content\/uploads\/2016\/02\/Logo-Seydoux-300x111.jpg\" alt=\"Logo Seydoux\" width=\"250\" height=\"93\" \/><\/div><div class=\"col-sm-3\"><img loading=\"lazy\" decoding=\"async\" class=\"p40 aligncenter\" src=\"https:\/\/www.chevalley-sa.com\/wp-content\/uploads\/2016\/02\/Logo-Oekohum-300x300.png\" alt=\"Logo Oekohum\" width=\"180\" height=\"180\" \/><\/div><div class=\"col-sm-3\"><img loading=\"lazy\" decoding=\"async\" class=\"p40 aligncenter\" src=\"https:\/\/www.chevalley-sa.com\/wp-content\/uploads\/2016\/02\/Hauert-300x98.png\" alt=\"Hauert\" width=\"250\" height=\"82\" \/><\/div><\/div>\n<div class=\"row vertical-align\"><div class=\"col-sm-6\">\n<p>et gr\u00e2ce \u00e0 des stocks importants, vous trouverez chez nous tout ce que vous avez besoin pour la cr\u00e9ation et l\u2019entretien des surfaces engazonn\u00e9es, des arbres et des plantes horticoles, etc.<\/p>\n<ul>\n<li><strong>Semences de gazon, prairies fleuries<\/strong><\/li>\n<\/ul>\n<ul>\n<li><strong>Terreaux et tourbe<\/strong><\/li>\n<\/ul>\n<ul>\n<li><strong>Produits de protection des plantes<\/strong><\/li>\n<\/ul>\n<ul>\n<li><strong>Engrais, fumier s\u00e9ch\u00e9<\/strong><\/li>\n<\/ul>\n<ul>\n<li><strong>Outils;\u00a0 lien vers notre fournisseur :<br \/>\n<a href=\"https:\/\/sahli-ag.ch\/fr\/shop-en-libre-service.html\">https:\/\/sahli-ag.ch\/fr\/shop-en-libre-service.html<\/a>\u00a0<\/strong><\/li>\n<\/ul>\n<ul>\n<li><strong>Conseils<\/strong><\/li>\n<\/ul>\n<p><\/p><\/div><div class=\"col-sm-6\">\n<p><img loading=\"lazy\" decoding=\"async\" class=\"img-circle p20 aligncenter size-full\" src=\"https:\/\/www.chevalley-sa.com\/wp-content\/uploads\/2016\/02\/Professionnels.jpg\" alt=\"Professionnels\" width=\"700\" height=\"467\" \/><\/p>\n<p><\/p><\/div><\/div>\n<\/div>\n<\/section>\n<section class=\"bg-light-green\">\n<div class=\"container \">\n<h2 id=\"menu2\">Priv\u00e9s<\/h2>\n<p>Tout pour vos jardins potagers, gazons, arbustes, etc\u2026<\/p>\n<p>Plantons de pommes de terre, oignons, \u00e9chalotes\u00a0 au d\u00e9tail.<\/p>\n<p>Semences, engrais, fumier s\u00e9ch\u00e9, produits de protection des plantes BIO, etc.<\/p>\n<p>Service personnalis\u00e9, parking \u00e0 proximit\u00e9, livraison \u00e0 domicile.<\/p>\n<h3 style=\"text-align: center;\">Notre grande force\u00a0<strong> :\u00a0\u00a0 <\/strong><strong style=\"font-size: 20pt;\">le conseil<\/strong><\/h3>\n<\/div>\n<\/section>\n<section>\n<div class=\"container \">\n<h2 id=\"menu3\">Piscines<\/h2>\n<div class=\"row vertical-align\"><div class=\"col-sm-6\">\n<p>L\u2019eau est le meilleur solvant que l\u2019on rencontre sur notre plan\u00e8te. Il peut en effet, solubiliser des produits inorganiques (sels divers, acides, bases,\u2026) des produits organiques (alcools, acides organiques, bases organiques,\u2026), des organismes vivants (virus, bact\u00e9ries) des gaz (gaz carboniques, ammoniac, acide chlorhydrique). L\u2019eau est \u00e9galement la source de toute vie telle que nous la connaissons.<\/p>\n<p>Une question courante se pose r\u00e9guli\u00e8rement\u00a0: <strong>Pourquoi traiter l\u2019eau d\u2019une piscine\u00a0?<\/strong><\/p>\n<p>En raison des particularit\u00e9s \u00e9voqu\u00e9es, ci-dessus, si nous laissons de l\u2019eau stagner, toute une population d\u2019organismes vivants va s\u2019y d\u00e9velopper, conduisant \u00e0 la formation d\u2019un bouillon de culture certes int\u00e9ressant pour le biologiste mais peu appr\u00e9ci\u00e9 des baigneurs.<\/p>\n<p><strong>Pour qu\u2019une eau reste propre \u00e0 la baignade, il faut donc la traiter.<\/strong><\/p>\n<p>Deux traitements sont indispensables au bon fonctionnement d\u2019une piscine\u00a0:<\/p>\n<ul>\n<li><strong>La filtration<\/strong><\/li>\n<li><strong>La d\u00e9sinfection <\/strong><\/li>\n<\/ul>\n<p>Voir les listes\u00a0des produits piscines et accessoires. <a href=\"http:\/\/www.chevalley-sa.com\/wp-content\/uploads\/2025\/05\/PRODUIT-de-traitements-pour-piscines-A4-2025.pdf\">Liste 1<\/a> \/ <a href=\"http:\/\/www.chevalley-sa.com\/wp-content\/uploads\/2025\/05\/PRODUIT-pour-piscines-A4-2025.pdf\">liste 2<\/a><\/p>\n<p><\/p><\/div><div class=\"col-sm-6\"><img loading=\"lazy\" decoding=\"async\" class=\"img-circle p20 aligncenter\" src=\"https:\/\/www.chevalley-sa.com\/wp-content\/uploads\/2016\/02\/Produits-piscines-225x300.jpg\" alt=\"Produits piscines\" width=\"375\" height=\"500\" \/><\/div><\/div>\n<\/div>\n<\/section>\n","protected":false},"excerpt":{"rendered":"<p>Professionnels Priv\u00e9s Piscines Professionnels Paysagistes \u2013 horticulteurs En collaboration avec nos diff\u00e9rents partenaires Priv\u00e9s Tout pour vos jardins potagers, gazons, arbustes, etc\u2026 Plantons de pommes de terre, oignons, \u00e9chalotes\u00a0 au d\u00e9tail. Semences, engrais, fumier s\u00e9ch\u00e9, produits de protection des plantes BIO, etc. Service personnalis\u00e9, parking \u00e0 proximit\u00e9, livraison \u00e0 domicile. Notre grande force\u00a0 :\u00a0\u00a0 le [&hellip;]<\/p>\n","protected":false},"author":1,"featured_media":0,"parent":0,"menu_order":0,"comment_status":"closed","ping_status":"closed","template":"template-page-no-container.php","meta":{"footnotes":""},"class_list":["post-138","page","type-page","status-publish","hentry"],"_links":{"self":[{"href":"https:\/\/www.chevalley-sa.com\/index.php\/wp-json\/wp\/v2\/pages\/138","targetHints":{"allow":["GET"]}}],"collection":[{"href":"https:\/\/www.chevalley-sa.com\/index.php\/wp-json\/wp\/v2\/pages"}],"about":[{"href":"https:\/\/www.chevalley-sa.com\/index.php\/wp-json\/wp\/v2\/types\/page"}],"author":[{"embeddable":true,"href":"https:\/\/www.chevalley-sa.com\/index.php\/wp-json\/wp\/v2\/users\/1"}],"replies":[{"embeddable":true,"href":"https:\/\/www.chevalley-sa.com\/index.php\/wp-json\/wp\/v2\/comments?post=138"}],"version-history":[{"count":38,"href":"https:\/\/www.chevalley-sa.com\/index.php\/wp-json\/wp\/v2\/pages\/138\/revisions"}],"predecessor-version":[{"id":1386,"href":"https:\/\/www.chevalley-sa.com\/index.php\/wp-json\/wp\/v2\/pages\/138\/revisions\/1386"}],"wp:attachment":[{"href":"https:\/\/www.chevalley-sa.com\/index.php\/wp-json\/wp\/v2\/media?parent=138"}],"curies":[{"name":"wp","href":"https:\/\/api.w.org\/{rel}","templated":true}]}}