{"id":71,"date":"2016-01-19T08:28:34","date_gmt":"2016-01-19T07:28:34","guid":{"rendered":"http:\/\/www.chevalley-sa.com\/?page_id=71"},"modified":"2025-11-20T08:21:12","modified_gmt":"2025-11-20T07:21:12","slug":"historique","status":"publish","type":"page","link":"https:\/\/www.chevalley-sa.com\/index.php\/historique\/","title":{"rendered":"Historique"},"content":{"rendered":"<p>Notre Soci\u00e9t\u00e9 a \u00e9t\u00e9 fond\u00e9e en 1886 par M. Aim\u00e9 Chevalley, alors boulanger \u00e0 la rue de la Plaine \u00e0 Yverdon-les-Bains et qui parall\u00e8lement \u00e0 son m\u00e9tier de boulanger vendait des semences et des articles fourragers.<\/p>\n<p>En 1913, son fils, Henri Chevalley lui succ\u00e9da. Il f\u00fbt l\u2019un des premiers \u00e0 commercialiser des engrais simples import\u00e9s (comme les scories Thomas) et des produits de traitement.<\/p>\n<p>En 1952, Paul Chevalley repris l\u2019entreprise et c\u2019est surtout sous son impulsion et depuis le d\u00e9but des ann\u00e9es 70 que les affaires se d\u00e9velopp\u00e8rent.<\/p>\n<p>Les patrons actuels ont int\u00e9gr\u00e9 l\u2019entreprise en 1976 pour Jean-Luc et 1978 pour Yves et la 5<sup>\u00e8me<\/sup> g\u00e9n\u00e9ration se profile d\u00e9j\u00e0 avec Guillaume\u00a0 qui a int\u00e9gr\u00e9 la Soci\u00e9t\u00e9 en 2011, apr\u00e8s des p\u00e9riodes de formation. Roxanne quant \u00e0 elle, fille de Jean-Luc, a int\u00e9gr\u00e9 l&rsquo;entreprise en 2021, au poste de comptable-responsable RH.<\/p>\n<p>Notre soci\u00e9t\u00e9 qui est toujours rest\u00e9e exclusivement familiale emploie actuellement une quinzaine de personnes r\u00e9parties sur 2 sites, Yverdon &amp; Penthalaz.<\/p>\n<p>Notre grande exp\u00e9rience et notre structure nous permettent d\u2019\u00eatre r\u00e9actifs tr\u00e8s rapidement aux demandes de nos clients et de leur offrir des produits de qualit\u00e9 \u00e0 des prix extr\u00eamement comp\u00e9titifs.<\/p>\n<p>Nous offrons ainsi une alternative cr\u00e9dible et solide face \u00e0 des groupes beaucoup plus importants d\u2019o\u00f9 notre slogan\u00a0:<\/p>\n<h3 style=\"text-align: center;\">Commerce priv\u00e9 \u2013 paysan libre\u00a0!<\/h3>\n<p>&nbsp;<\/p>\n<p><img loading=\"lazy\" decoding=\"async\" class=\"img-circle aligncenter size-large\" src=\"http:\/\/www.chevalley-sa.com\/wp-content\/uploads\/2016\/01\/doc-1024x641.png\" alt=\"doc\" width=\"1024\" height=\"641\" \/><\/p>\n","protected":false},"excerpt":{"rendered":"<p>Notre Soci\u00e9t\u00e9 a \u00e9t\u00e9 fond\u00e9e en 1886 par M. Aim\u00e9 Chevalley, alors boulanger \u00e0 la rue de la Plaine \u00e0 Yverdon-les-Bains et qui parall\u00e8lement \u00e0 son m\u00e9tier de boulanger vendait des semences et des articles fourragers. En 1913, son fils, Henri Chevalley lui succ\u00e9da. Il f\u00fbt l\u2019un des premiers \u00e0 commercialiser des engrais simples import\u00e9s [&hellip;]<\/p>\n","protected":false},"author":1,"featured_media":0,"parent":0,"menu_order":0,"comment_status":"closed","ping_status":"closed","template":"template-page.php","meta":{"footnotes":""},"class_list":["post-71","page","type-page","status-publish","hentry"],"_links":{"self":[{"href":"https:\/\/www.chevalley-sa.com\/index.php\/wp-json\/wp\/v2\/pages\/71","targetHints":{"allow":["GET"]}}],"collection":[{"href":"https:\/\/www.chevalley-sa.com\/index.php\/wp-json\/wp\/v2\/pages"}],"about":[{"href":"https:\/\/www.chevalley-sa.com\/index.php\/wp-json\/wp\/v2\/types\/page"}],"author":[{"embeddable":true,"href":"https:\/\/www.chevalley-sa.com\/index.php\/wp-json\/wp\/v2\/users\/1"}],"replies":[{"embeddable":true,"href":"https:\/\/www.chevalley-sa.com\/index.php\/wp-json\/wp\/v2\/comments?post=71"}],"version-history":[{"count":14,"href":"https:\/\/www.chevalley-sa.com\/index.php\/wp-json\/wp\/v2\/pages\/71\/revisions"}],"predecessor-version":[{"id":1373,"href":"https:\/\/www.chevalley-sa.com\/index.php\/wp-json\/wp\/v2\/pages\/71\/revisions\/1373"}],"wp:attachment":[{"href":"https:\/\/www.chevalley-sa.com\/index.php\/wp-json\/wp\/v2\/media?parent=71"}],"curies":[{"name":"wp","href":"https:\/\/api.w.org\/{rel}","templated":true}]}}